 h and 18.
9
Suppose -7*v - 7*v = -966. What is the greatest common factor of 23 and v?
23
Suppose -23*z + 40 = -19*z. What is the greatest common factor of 80 and z?
10
Let q be 2/(-3) + (-22)/(-6). Suppose 5*c + 21 = q*j, 0 = 7*j - 2*j - c - 13. Let f be 2*((-1)/(-2) + j). Calculate the greatest common divisor of 20 and f.
5
Let u be (-1 - 1)/(4/(-16)). Let f be (18/u)/((-4)/(-16)). What is the highest common divisor of f and 27?
9
Let f = 13 - 7. Suppose -3*k + 9 = -0*k. Suppose -5 = g - 0*g, -5*w + k*g = -35. Calculate the highest common divisor of w and f.
2
Suppose -2*x + 4*x + 3*v = -15, 0 = -2*x + v - 19. Let z(t) = 3*t**2 + 4*t + 1. Let y be z(x). Calculate the highest common factor of 26 and y.
26
Let k(g) = -g**3 + 13*g**2 + 18*g - 6. Let d be k(14). What is the greatest common divisor of 10 and d?
10
Let x(h) = h**3 - h**2 + 6. Let t be 4/20 + 1/(-5). Let c be x(t). What is the greatest common divisor of 54 and c?
6
Let b(o) = -7*o - 24. Let h be b(-9). What is the greatest common factor of h and 273?
39
Let q = -20 + 35. Let k(g) = -12*g - 24. Let p be k(-12). Calculate the greatest common divisor of q and p.
15
Suppose 5*u = -m - 3*m + 35, 3*m = -2*u + 21. Let o(x) = -x**3 + 7*x**2 - 3*x + 10. Let r be o(5). What is the greatest common divisor of r and m?
5
Let z = -9 + 24. Suppose -q + 5*c - z = 0, -4*c - 11 = -3*q - 3*c. Suppose -3*f = 0, -5*x + 2*f = -1 - 4. What is the highest common divisor of x and q?
1
Let f(h) = -h**3 - 2*h**2 + 2*h - 5 + 2 - h**2. Let k be f(-6). Suppose k - 753 = -4*p. Calculate the highest common factor of 15 and p.
15
Suppose -8*s + 4*s - a = -50, s = 5*a + 2. Suppose 5*r - 5*z = 25, r - 37 = -4*r + z. What is the greatest common factor of s and r?
4
Let z(c) be the first derivative of c**3/3 + c - 5. Let d = 8 + -6. Let f be z(d). Calculate the greatest common divisor of 20 and f.
5
Let w be 2 - (-97 + 0/2). Let y(l) = l**3 + 14*l**2 - 17*l - 19. Let m be y(-15). What is the greatest common factor of m and w?
11
Let i = 2 - -2. Let f be i*-73*3/6. Let t be (-2)/9 + f/(-9). Calculate the greatest common divisor of 64 and t.
16
Let j be ((-2)/6)/((-8)/72) + 3. Calculate the highest common divisor of 21 and j.
3
Suppose u - 57 = -3*s, 3*u - 52 = -2*s + 7*u. Calculate the highest common divisor of s and 10.
10
Let k = -62 + 79. Let d be 17*(-2 + 0)/(-2). What is the highest common factor of d and k?
17
Let y be 4/18 - (-86)/18. Calculate the greatest common divisor of 5 and y.
5
Suppose 0 = 4*o + o - 220. Calculate the highest common divisor of 110 and o.
22
Let b be (2/5)/((-2)/160). Let p = b - -95. Let d(s) = 8*s**2 + 1. Let q be d(1). What is the greatest common factor of p and q?
9
Let c = 240 + -170. What is the highest common divisor of c and 28?
14
Suppose 10*z - 15*z = -1185. Suppose 5*r - z = 2*r - 2*c, -370 = -5*r + 5*c. Calculate the greatest common divisor of r and 11.
11
Let s(v) = -v - 2. Suppose -3*y - 2 = 3*o - y, 0 = 2*y + 2. Let f be s(o). Let g be (5 + f/1)*5. What is the greatest common factor of 3 and g?
3
Let w(h) = 5*h**3. Let d be w(1). Let s = -1 + 46. What is the greatest common divisor of s and d?
5
Suppose -3*t + 127 = -5*h, t = -t + 5*h + 88. Calculate the highest common factor of t and 26.
13
Let q(c) = -c**3 - 12*c**2 - c - 2. Let n be q(-12). What is the highest common divisor of n and 90?
10
Let l be ((-4)/(-18)*39)/((-3)/(-9)). What is the highest common divisor of 65 and l?
13
Suppose -48 = y + 3*y. Let l = 15 + y. Let c(m) = -11*m**3 - 2*m - 1. Let t be c(-1). Calculate the greatest common factor of t and l.
3
Let s = -84 - -156. Calculate the greatest common factor of s and 9.
9
Suppose 2*p - 23 = -3*h, 0 = -5*h - 6*p + p + 35. Let l = 3 + -4. Let k be 7/1 - (-3 - l). Calculate the highest common factor of h and k.
9
Let h be 6/4*6/9. Suppose 0*l = l - 28. Suppose -3*g + 30 = t, -7 = 3*g - 2*t - l. What is the greatest common factor of g and h?
1
Let j = -319 - -587. Suppose 0 = 4*y - j + 44. Suppose 4*n - y - 88 = 0. What is the greatest common factor of 9 and n?
9
Let b be (15/(-12))/(5/(-20)). Let t(s) = -s**3 - 4*s**2 - 3*s. Let d be t(-5). What is the greatest common factor of d and b?
5
Let g = -18 + 31. Let j(w) = w**3 + 4*w**2 - 6*w. Let f = 12 - 8. Let x be j(f). What is the highest common divisor of x and g?
13
Let b(i) = 6*i + 9. Let r(g) = -5*g - 8. Let n(u) = -6*b(u) - 7*r(u). Let l be n(-14). What is the highest common factor of l and 40?
8
Let d(n) = 8*n - 5. Let q be d(5). Suppose 3*r - q = -2*r. Suppose 3*j + 2*i = r*i + 28, 5*j - 20 = 3*i. Calculate the greatest common divisor of j and 2.
1
Suppose -5*c + 224 = -91. Calculate the highest common divisor of 21 and c.
21
Let p be (-1)/1*1*22. Let k = p + 37. What is the highest common divisor of k and 30?
15
Let s be 0/((3/(-3))/1). Let d(u) = -u + 3. Let j be d(s). Suppose 3*z = -j*w + 6, -5*w - 12 = -4*z + 41. What is the highest common factor of 7 and z?
7
Suppose 0 = -4*x - x + 40. Let y = -12 + x. Let k be (y/10)/(4/(-140)). Calculate the greatest common factor of k and 35.
7
Let x(p) = p**3 + 12*p**2 + 4. Let i be x(-12). Suppose i*v - 89 = 23. Calculate the highest common divisor of 4 and v.
4
Suppose -3*z = -5*z + 30. What is the highest common factor of z and 120?
15
Let q(a) = a**3 + 7*a**2 + 6*a + 4. Let i be q(-5). What is the greatest common divisor of i and 16?
8
Suppose 3*w - 4*b - 3 = -5, -4 = -2*b. Let s = w + 3. Calculate the highest common factor of 5 and s.
5
Let o be (-346)/(-4) + (-36)/(-24). Calculate the greatest common divisor of 11 and o.
11
Let u = -117 - -167. Calculate the highest common divisor of 125 and u.
25
Let f = -119 + 207. What is the greatest common divisor of f and 11?
11
Let g = -6 + 20. Calculate the greatest common divisor of g and 21.
7
Suppose 9 = -3*s - 6. Let j = 7 + s. Suppose -3*c = -j*n - 16, -n = 5*c - 2*n - 29. Calculate the highest common divisor of 4 and c.
2
Let z(y) = -y - 2. Let l be (-1)/(-3) - (-8)/3. Let t = l + -7. Let j be z(t). Calculate the highest common divisor of 3 and j.
1
Let m = 0 + -24. Let c = 3 - m. Calculate the greatest common divisor of c and 18.
9
Suppose -4*t = 4*q - 28, 2*t - 5 = t - 2*q. What is the greatest common divisor of 36 and t?
9
Let v(y) = 5*y + 2. Let n be v(2). Let i = 0 - -3. Let d(c) = 3*c + 3. Let b be d(i). What is the greatest common divisor of n and b?
12
Suppose 2*a + 1 = -3. Suppose -3*g + 2*p = -0*g - 10, 2*g - 2*p - 8 = 0. Let u be g - (1*a + -36). Calculate the greatest common divisor of 20 and u.
20
Suppose -3*p + 0*p + 15 = 0. Let j be 1 + 0 + 2 + 2. Calculate the greatest common divisor of p and j.
5
Suppose 4*t + 3*v - 160 = -v, 112 = 3*t + v. What is the highest common divisor of 12 and t?
12
Let l(w) = w**2 + 6*w + 5. Let v be l(-16). Calculate the highest common divisor of v and 15.
15
Let d(f) = -f**3 - 4*f**2 - 3*f - 8. Let i be d(-5). What is the greatest common factor of 4 and i?
4
Let w(u) = -u**3 + 11. Let q be w(0). Let d = 10 + -7. Suppose -d*c - 7 = -40. Calculate the greatest common divisor of c and q.
11
Suppose 4*l + 465 = 4*g + l, -385 = -3*g - 5*l. Let r = 3 + 1. Suppose -4*c = -c - r*q - 57, c = 4*q + 27. Calculate the greatest common divisor of g and c.
15
Let b(s) = -s**3 + 6*s**2 + 6*s + 7. Let z be b(5). Suppose -3*l - 3*w = -4*w - z, 0 = 2*w - 8. Calculate the highest common divisor of 88 and l.
22
Let x be 3/3*(-33)/(-3). What is the greatest common factor of 11 and x?
11
Let v be 2/(-6)*(-7 - -1). Let m be 58/v - (-6)/(-3). Calculate the highest common divisor of m and 9.
9
Let z(a) = -56*a + 1. Let p be z(1). Let c = 10 - p. Let i(w) = -w**3 + 8*w**2 + 13*w - 10. Let h be i(9). Calculate the greatest common factor of h and c.
13
Let w be (-65)/(-3) - (-7)/(147/(-14)). Calculate the highest common factor of w and 189.
21
Suppose 3*b + 2*b = 25. Suppose b*x + 161 = 986. Suppose 2*v = 4*v - 30. What is the highest common divisor of v and x?
15
Let v(s) = 5*s - 10. Let k(o) = 14*o - 30. Let y(b) = 3*k(b) - 8*v(b). Let h be y(7). What is the highest common factor of 12 and h?
4
Let i = 1 + 1. Suppose 18 - 6 = i*a. What is the highest common divisor of 6 and a?
6
Let t be 2/(-8) + 50/8. Suppose -3*d = -t*d + 315. What is the highest common factor of d and 15?
15
Suppose -4*